nits digit of 10819?
9
What is the thousands digit of 17583?
7
What is the units digit of 3471?
1
What is the units digit of 5522?
2
What is the units digit of 8381?
1
What is the units digit of 6721?
1
What is the ten thousands digit of 11533?
1
What is the units digit of 146?
6
What is the units digit of 2247?
7
What is the tens digit of 138910?
1
What is the units digit of 191?
1
What is the units digit of 910?
0
What is the ten thousands digit of 37736?
3
What is the hundreds digit of 2556?
5
What is the thousands digit of 170040?
0
What is the thousands digit of 4028?
4
What is the hundreds digit of 36087?
0
What is the hundreds digit of 9143?
1
What is the units digit of 830?
0
What is the tens digit of 11644?
4
What is the hundreds digit of 213?
2
What is the thousands digit of 1299?
1
What is the units digit of 6744?
4
What is the thousands digit of 22394?
2
What is the tens digit of 30020?
2
What is the units digit of 347?
7
What is the thousands digit of 4441?
4
What is the hundreds digit of 26285?
2
What is the thousands digit of 3151?
3
What is the units digit of 93?
3
What is the units digit of 416?
6
What is the tens digit of 56?
5
What is the ten thousands digit of 15682?
1
What is the hundreds digit of 2169?
1
What is the hundreds digit of 7465?
4
What is the hundreds digit of 44113?
1
What is the ten thousands digit of 21354?
2
What is the thousands digit of 11357?
1
What is the ten thousands digit of 98797?
9
What is the tens digit of 265?
6
What is the units digit of 240?
0
What is the units digit of 835?
5
What is the hundreds digit of 1900?
9
What is the thousands digit of 1562?
1
What is the hundreds digit of 9082?
0
What is the units digit of 12959?
9
What is the hundreds digit of 11130?
1
What is the tens digit of 3022?
2
What is the thousands digit of 83754?
3
What is the tens digit of 5656?
5
What is the thousands digit of 10630?
0
What is the units digit of 8181?
1
What is the hundreds digit of 3087?
0
What is the units digit of 121816?
6
What is the units digit of 5586?
6
What is the hundreds digit of 706?
7
What is the thousands digit of 5826?
5
What is the units digit of 587?
7
What is the tens digit of 50781?
8
What is the tens digit of 5731?
3
What is the units digit of 687?
7
What is the tens digit of 1753?
5
What is the hundreds digit of 761?
7
What is the tens digit of 205?
0
What is the tens digit of 26380?
8
What is the units digit of 2442?
2
What is the tens digit of 6117?
1
What is the thousands digit of 4660?
4
What is the tens digit of 887?
8
What is the tens digit of 41901?
0
What is the hundreds digit of 1022?
0
What is the hundreds digit of 8741?
7
What is the thousands digit of 1008?
1
What is the units digit of 831?
1
What is the thousands digit of 4513?
4
What is the ten thousands digit of 17287?
1
What is the tens digit of 20006?
0
What is the units digit of 8916?
6
What is the hundreds digit of 3622?
6
What is the thousands digit of 5040?
5
What is the tens digit of 3146?
4
What is the thousands digit of 1390?
1
What is the tens digit of 33544?
4
What is the thousands digit of 5485?
5
What is the thousands digit of 1427?
1
What is the units digit of 239?
9
What is the units digit of 2127?
7
What is the hundreds digit of 1525?
5
What is the units digit of 16436?
6
What is the units digit of 40330?
0
What is the units digit of 107?
7
What is the tens digit of 202?
0
What is the units digit of 67448?
8
What is the ten thousands digit of 94933?
9
What is the thousands digit of 185040?
5
What is the tens digit of 1859?
5
What is the ten thousands digit of 38378?
3
What is the ten thousands digit of 27350?
2
What is the ten thousands digit of 59937?
5
What is the tens digit of 6728?
2
What is the tens digit of 2391?
9
What is the units digit of 1003?
3
What is the tens digit of 5188?
8
What is the hundreds digit of 5364?
3
What is the hundreds digit of 5285?
2
What is the tens digit of 1258?
5
What is the units digit of 211?
1
What is the hundreds digit of 248?
2
What is the tens digit of 3757?
5
What is the units digit of 634?
4
What is the hundreds digit of 830?
8
What is the thousands digit of 55660?
5
What is the ten thousands digit of 30251?
3
What is the hundreds digit of 7466?
4
What is the ten thousands digit of 22457?
2
What is the tens digit of 8971?
7
What is the hundreds digit of 9342?
3
What is the tens digit of 7412?
1
What is the hundreds digit of 3398?
3
What is the tens digit of 53679?
7
What is the hundreds digit of 3235?
2
What is the thousands digit of 27450?
7
What is the ten thousands digit of 37951?
3
What is the hundreds digit of 1377?
3
What is the tens digit of 919?
1
What is the hundreds digit of 74442?
4
What is the tens digit of 6226?
2
What is the units digit of 13232?
2
What is the tens digit of 34822?
2
What is the tens digit of 9440?
4
What is the thousands digit of 13310?
3
What is the units digit of 17534?
4
What is the hundreds digit of 5961?
9
What is the thousands digit of 1086?
1
What is the thousands digit of 19228?
9
What is the hundreds digit of 12591?
5
What is the units digit of 2302?
2
What is the tens digit of 32549?
4
What is the hundreds digit of 1223?
2
What is the ten thousands digit of 86954?
8
What is the hundreds digit of 1062?
0
What is the units digit of 2198?
8
What is the units digit of 8316?
6
What is the units digit of 1880?
0
What is the tens digit of 2765?
6
What is the units digit of 399?
9
What is the tens digit of 90787?
8
What is the units digit of 83234?
4
What is the hundreds digit of 1141?
1
What is the hundreds digit of 1932?
9
What is the ten thousands digit of 157612?
5
What is the units digit of 30619?
9
What is the hundreds digit of 3245?
2
What is the hundreds digit of 3374?
3
What is the tens digit of 3184?
8
What is the units digit of 582?
2
What is the units digit of 8246?
6
What is the hundreds digit of 5383?
3
What is the units digit of 40329?
9
What is the units digit of 75?
5
What is the ten thousands digit of 66717?
6
What is the hundred thousands digit of 126307?
1
What is the thousands digit of 1920?
1
What is the thousands digit of 5461?
5
What is the hundreds digit of 4884?
8
What is the units digit of 8036?
6
What is the thousands digit of 1641?
1
What is the ten thousands digit of 46608?
4
What is the tens digit of 97547?
4
What is the hundreds digit of 14885?
8
What is the units digit of 2851?
1
What is the ten thousands digit of 26154?
2
What is the thousands digit of 4384?
4
What is the hundreds digit of 275?
2
What is the thousands digit of 3503?
3
What is the units digit of 42636?
6
What is the hundreds digit of 470?
4
What is the thousands digit of 1158?
1
What is the thousands digit of 12800?
2
What is the tens digit of 10330?
3
What is the thousands digit of 13937?
3
What is the tens digit of 2921?
2
What is the hundreds digit of 3645?
6
What is the hundreds digit of 15217?
2
What is the thousands digit of 150508?
0
What is the units digit of 4140?
0
What is the thousands digit of 1090?
1
What is the hundreds digit of 2213?
2
What is the units digit of 28340?
0
What is the tens digit of 378?
7
What is the thousands digit of 53036?
3
What is the tens digit of 16051?
5
What is the thousands digit of 25540?
5
What is the thousands digit of 97249?
7
What is the units digit of 62309?
9
What is the units digit of 360?
0
What is the hundreds digit of 186?
1
What is the thousands digit of 2510?
2
What is the tens digit of 1860?
6
What is the units digit of 5059?
9
What is the hundreds digit of 70729?
7
What is the tens digit of 22648?
4
What is the units digit of 18343?
3
What is the thousands digit of 4331?
4
What is the units digit of 21510?
0
What is the tens digit of 1008?
0
What is the tens digit of 129581?
8
What is the units digit of 2729?
9
What is the hundreds digit of 375?
3
What is the hundreds digit of 24867?
8
What is the units digit of 272?
2
What is the tens digit of 183?
8
What is the tens digit of 49105?
0
What is the hundreds digit of 7947?
9
What is the tens digit of 8974?
7
What is the ten thousands digit of 23453?
2
What is the hundreds digit of 107604?
6
What is the units digit of 5890?
0
What is the hundreds digit of 1540?
5
What is the thousands digit of 6945?
6
What is the ten thousand